.
6
What is the remainder when 429 is divided by 18?
15
Calculate the remainder when 1266 is divided by 106.
100
What is the remainder when 153 is divided by 20?
13
What is the remainder when 3761 is divided by 314?
307
What is the remainder when 125 is divided by 6?
5
What is the remainder when 3526 is divided by 36?
34
Calculate the remainder when 459 is divided by 119.
102
What is the remainder when 171 is divided by 56?
3
What is the remainder when 544 is divided by 7?
5
Calculate the remainder when 8389 is divided by 41.
25
Calculate the remainder when 391 is divided by 7.
6
Calculate the remainder when 74 is divided by 23.
5
What is the remainder when 83 is divided by 39?
5
Calculate the remainder when 114 is divided by 17.
12
What is the remainder when 16598 is divided by 200?
198
What is the remainder when 4669 is divided by 59?
8
Calculate the remainder when 4931 is divided by 47.
43
Calculate the remainder when 199 is divided by 20.
19
What is the remainder when 8442 is divided by 256?
250
Calculate the remainder when 3142 is divided by 37.
34
Calculate the remainder when 1273 is divided by 75.
73
What is the remainder when 998 is divided by 165?
8
What is the remainder when 45417 is divided by 12?
9
Calculate the remainder when 68 is divided by 25.
18
Calculate the remainder when 117 is divided by 86.
31
Calculate the remainder when 171 is divided by 61.
49
What is the remainder when 346 is divided by 6?
4
What is the remainder when 424 is divided by 67?
22
What is the remainder when 332 is divided by 7?
3
Calculate the remainder when 84 is divided by 26.
6
What is the remainder when 21901 is divided by 94?
93
What is the remainder when 275 is divided by 40?
35
What is the remainder when 8601 is divided by 37?
17
Calculate the remainder when 899 is divided by 20.
19
Calculate the remainder when 96 is divided by 34.
28
Calculate the remainder when 218 is divided by 66.
20
Calculate the remainder when 517 is divided by 37.
36
What is the remainder when 270 is divided by 40?
30
What is the remainder when 2070 is divided by 230?
0
Calculate the remainder when 1561 is divided by 17.
14
Calculate the remainder when 320 is divided by 76.
16
Calculate the remainder when 775 is divided by 733.
42
What is the remainder when 477 is divided by 68?
1
What is the remainder when 91 is divided by 12?
7
What is the remainder when 213 is divided by 57?
42
What is the remainder when 606 is divided by 21?
18
Calculate the remainder when 238 is divided by 107.
24
Calculate the remainder when 158 is divided by 24.
14
Calculate the remainder when 514 is divided by 137.
103
What is the remainder when 1553 is divided by 455?
188
What is the remainder when 171 is divided by 29?
26
What is the remainder when 12 is divided by 7?
5
What is the remainder when 343 is divided by 70?
63
What is the remainder when 18165 is divided by 27?
21
What is the remainder when 988 is divided by 33?
31
What is the remainder when 37 is divided by 9?
1
What is the remainder when 59 is divided by 47?
12
What is the remainder when 4674 is divided by 187?
186
What is the remainder when 94 is divided by 12?
10
What is the remainder when 506 is divided by 19?
12
What is the remainder when 6389 is divided by 188?
185
Calculate the remainder when 5695 is divided by 100.
95
What is the remainder when 169 is divided by 5?
4
What is the remainder when 68 is divided by 21?
5
What is the remainder when 1415 is divided by 13?
11
What is the remainder when 168 is divided by 17?
15
What is the remainder when 2275 is divided by 228?
223
Calculate the remainder when 92 is divided by 34.
24
What is the remainder when 41 is divided by 17?
7
What is the remainder when 48 is divided by 11?
4
Calculate the remainder when 305 is divided by 39.
32
What is the remainder when 359 is divided by 57?
17
Calculate the remainder when 174 is divided by 171.
3
Calculate the remainder when 119 is divided by 43.
33
Calculate the remainder when 173 is divided by 59.
55
Calculate the remainder when 249 is divided by 84.
81
What is the remainder when 92 is divided by 16?
12
What is the remainder when 500 is divided by 41?
8
What is the remainder when 81 is divided by 14?
11
What is the remainder when 1033 is divided by 9?
7
Calculate the remainder when 247 is divided by 14.
9
What is the remainder when 517 is divided by 130?
127
What is the remainder when 306 is divided by 73?
14
Calculate the remainder when 106 is divided by 27.
25
Calculate the remainder when 548 is divided by 124.
52
What is the remainder when 71 is divided by 9?
8
Calculate the remainder when 393 is divided by 64.
9
Calculate the remainder when 89 is divided by 61.
28
Calculate the remainder when 230 is divided by 224.
6
What is the remainder when 10 is divided by 3?
1
What is the remainder when 17 is divided by 1?
0
Calculate the remainder when 407 is divided by 197.
13
Calculate the remainder when 1477 is divided by 3.
1
What is the remainder when 6541 is divided by 23?
9
Calculate the remainder when 151 is divided by 24.
7
What is the remainder when 688 is divided by 78?
64
What is the remainder when 58587 is divided by 15?
12
Calculate the remainder when 39 is divided by 14.
11
What is the remainder when 171 is divided by 35?
31
What is the remainder when 12476 is divided by 34?
32
What is the remainder when 1193 is divided by 165?
38
What is the remainder when 2908 is divided by 71?
68
What is the remainder when 322 is divided by 19?
18
What is the remainder when 259 is divided by 13?
12
Calculate the remainder when 126 is divided by 8.
6
What is the remainder when 2885 is divided by 2?
1
What is the remainder when 1826 is divided by 183?
179
Calculate the remainder when 469 is divided by 95.
89
What is the remainder when 1078 is divided by 67?
6
Calculate the remainder when 774 is divided by 111.
108
What is the remainder when 921 is divided by 154?
151
Calculate the remainder when 39 is divided by 22.
17
What is the remainder when 394 is divided by 128?
10
What is the remainder when 168 is divided by 7?
0
What is the remainder when 298 is divided by 60?
58
What is the remainder when 26659 is divided by 155?
154
What is the remainder when 153 is divided by 22?
21
What is the remainder when 2445 is divided by 63?
51
What is the remainder when 25 is divided by 11?
3
Calculate the remainder when 2905 is divided by 57.
55
What is the remainder when 880 is divided by 55?
0
Calculate the remainder when 260 is divided by 46.
30
Calculate the remainder when 2321 is divided by 179.
173
Calculate the remainder when 2735 is divided by 98.
89
What is the remainder when 624 is divided by 14?
8
Calculate the remainder when 80 is divided by 50.
30
Calculate the remainder when 458 is divided by 66.
62
Calculate the remainder when 12 is divided by 5.
2
What is the remainder when 5355 is divided by 61?
48
Calculate the remainder when 2001 is divided by 53.
40
What is the remainder when 476 is divided by 87?
41
Calculate the remainder when 3022 is divided by 8.
6
Calculate the remainder when 274 is divided by 68.
2
What is the remainder when 2379 is divided by 10?
9
What is the remainder when 38 is divided by 21?
17
What is the remainder when 140 is divided by 31?
16
What is the remainder when 319 is divided by 40?
39
Calculate the remainder when 573 is divided by 119.
97
What is the remainder when 3716 is divided by 22?
20
Calculate the remainder when 406 is divided by 229.
177
Calculate the remainder when 16 is divided by 7.
2
Calculate the remainder when 136 is divided by 18.
10
Calculate the remainder when 2548 is divided by 10.
8
What is the remainder when 1955 is divided by 103?
101
Calculate the remainder when 246 is divided by 23.
16
What is the remainder when 640 is divided by 208?
16
Calculate the remainder when 4300 is divided by 1073.
8
Calculate the remainder when 165 is divided by 38.
13
Calculate the remainder when 520 is divided by 58.
56
Calculate the remainder when 444 is divided by 16.
12
What is the remainder when 84 is divided by 23?
15
Calculate the remainder when 650 is divided by 158.
18
Calculate the remainder when 186 is divided by 16.
10
Calculate the remainder when 22138 is divided by 164.
162
Calculate the remainder when 48 